-u**2 + 14*u + 35. Let s be q(15). Calculate the highest common divisor of s and 10.
10
Let y be ((-22)/(-6) + -1)*9. What is the greatest common divisor of y and 6?
6
Let t(a) = -a**3 - 4*a**2 - 7*a - 1. Let s be t(-2). Calculate the highest common factor of s and 40.
5
Let z be -5 + ((-65)/(-52) - 102/(-8)). Let l(v) = -10*v**3 - 2*v**2 + 1. Let d be l(-1). Calculate the highest common divisor of z and d.
9
Let c be ((-80)/5)/(2/(-13)). Calculate the greatest common factor of c and 26.
26
Let a(w) = w - 12. Let f be a(12). Let h be 17 - (-2 - (-1 - f)). Let s(y) = 3*y + 3. Let u be s(3). Calculate the greatest common divisor of h and u.
6
Let y = -14 - -22. Calculate the greatest common factor of y and 8.
8
Let s = 2 - -10. Let i(w) = 6*w**2 - 2*w - 2. Let m be i(2). Calculate the greatest common divisor of m and s.
6
Suppose -5*f = -i - 206, 4*f - 5*f - 206 = i. Let q be i/2*1*-2. Let r = q - 141. Calculate the greatest common divisor of 13 and r.
13
Let b be 32 + 1 + -2 + -1. What is the greatest common factor of b and 330?
30
Suppose 21 = 7*u - 4*u. What is the greatest common divisor of 70 and u?
7
Let z(k) = k**3 - 4*k**2 + 5*k - 2. Let b be -4*2*9/(-8). Let c(w) = w**2 - 8*w - 5. Let m be c(b). Let s be z(m). What is the highest common factor of 6 and s?
6
Let l be ((-1)/(-3) + -1)/(27/(-1944)). What is the highest common factor of 24 and l?
24
Suppose 2*f + 27 = 177. What is the highest common divisor of f and 15?
15
Let x(v) = 2*v**2 - 6*v + 1. Let k be x(4). Let h be ((-2)/(-6))/(3/81). What is the highest common divisor of h and k?
9
Let k = 4 - 5. Let d(h) = -8*h - 1. Let i be d(k). Suppose 0 = -i*y + 4*y + 48. Calculate the highest common divisor of 2 and y.
2
Suppose 2*q - 5*i - 90 = -0*q, q - 44 = 2*i. What is the highest common factor of q and 10?
10
Let u = -8 - -48. What is the greatest common divisor of 5 and u?
5
Let m = -3 - -3. Let i(s) = 0*s + 0*s - 4 + s**2 + m*s**2. Let x be i(3). What is the highest common factor of x and 25?
5
Suppose 3*w - 2*s - 118 = 0, 6*s = 5*w + 3*s - 197. Calculate the highest common divisor of w and 20.
20
Suppose 3*v + 16 = 7*v + u, -u - 2 = -2*v. What is the greatest common factor of 69 and v?
3
Let q = -178 + 232. Let a = 12 + -6. What is the greatest common divisor of q and a?
6
Let a(f) = -f**3 - 5*f**2 - 18*f - 6*f**2 + 4*f - 5. Let b be a(-10). What is the highest common divisor of b and 14?
7
Suppose 4*r - 4 = 0, -v = 3*v - 5*r - 191. What is the greatest common divisor of v and 21?
7
Let x be 1/(-2) - (-52)/8. Suppose -5*v - a = -56, 4*v + a - x*a = 39. What is the greatest common factor of 66 and v?
11
Let o = -16 + 9. Let q = o + 37. Calculate the highest common factor of q and 45.
15
Suppose 3*s + 4*s = 231. Calculate the greatest common divisor of s and 11.
11
Let v = -11 + 20. Let r be 8/20*(v + 1). Suppose 3*n + 16 = r*n. Calculate the highest common divisor of n and 48.
16
Let l be (-30)/(-8) + (-2)/(-8). Let c be (-5)/(5/2) - l. Let g be 1/(c/(-21))*2. Calculate the greatest common divisor of g and 21.
7
Let k(h) = -h**3 - 9*h**2 - 2*h + 3. Let i be k(-9). Calculate the highest common divisor of 3 and i.
3
Let b(y) = 84*y + 4. Let m be b(4). Let i = m - 241. Calculate the highest common divisor of i and 9.
9
Let k be 62/8 + 6/(-8). Let f = k + -2. What is the greatest common factor of f and 5?
5
Let w(t) = -2*t - 6. Let u = -6 + 1. Let m be w(u). Suppose -3*n + 13 = 5*b, -m*b + 11 = n + b. What is the greatest common factor of 11 and n?
1
Let w be 9/6*2 - -8. Let f = w + 1. What is the highest common factor of 3 and f?
3
Let h = -34 - -11. Let o = 38 + h. Suppose 2*w + 11 = -3*n + 66, -n + w + 10 = 0. Calculate the greatest common factor of o and n.
15
Suppose -f - 11 = -j - 6*f, -31 = -5*j - f. Calculate the greatest common factor of j and 2.
2
Suppose 9*d - 4*d + a - 6 = 0, -5*d = -a - 14. Let y be (48/18)/(d/12). Let w be 1 - (-2 - 154/2). Calculate the greatest common factor of w and y.
16
Let h = 24 - 20. Suppose 2*x - x = h. Let o(w) = 2*w - 4. Let s be o(4). What is the greatest common divisor of x and s?
4
Let t = -5 - -8. Let u be (-20)/(-3) + 1/t. What is the greatest common factor of 1 and u?
1
Suppose 4*w = -7*x + 2*x - 4, -5*w = -x - 24. Suppose 0 = -2*c + w*r + 44, r - 106 = -3*c - r. Calculate the highest common factor of 256 and c.
32
Let k be (-18 + -2)/(-5)*(-9)/(-12). What is the highest common factor of k and 6?
3
Let b(z) = -z**2 + 6*z + 2. Let n be b(6). What is the greatest common factor of 4 and n?
2
Let c be (7 + -1)/((-3)/(-8)). What is the highest common divisor of 128 and c?
16
Suppose -2*i - 4*l + l = -24, -i - 3*l + 12 = 0. Let z(h) = -h**3 - 4*h**2 + 3*h + 2. Let y be z(-5). What is the highest common factor of y and i?
12
Let w = 3 - 1. Suppose -w*l = -95 - 13. Calculate the highest common factor of l and 6.
6
Let d(n) = 3*n - 3. Let b be d(2). Suppose 3*j = -5*o + 23, -3*j - 2*o - 2*o + 22 = 0. Calculate the highest common divisor of j and b.
3
Let a be 0 - (36/3)/(-1). Suppose -r - 3*r - a = 0. Let p be 12 - 2/(-3)*r. What is the greatest common divisor of p and 110?
10
Suppose 17 + 85 = 3*j. What is the greatest common divisor of 306 and j?
34
Suppose -j + 2 = -2. Let i be 1/(((-2)/(-1))/j). What is the greatest common divisor of 6 and i?
2
Let r(o) = -o**3 - 5*o**2 - 8*o - 2. Let c = 21 + -24. Let d be r(c). Calculate the highest common divisor of 1 and d.
1
Suppose k = 2*w + 16, 4*w = 4*k - 0*w - 72. What is the greatest common factor of k and 5?
5
Let b = -7 + 22. Let o be (2/(-4))/(9/(-72)). Suppose 16 = -o*z, 0 = -5*g - 5*z + 253 + 252. Calculate the greatest common factor of g and b.
15
Let k = 96 + -43. Suppose 2*w - 2*p = k - 11, -3*w + 5*p = -73. Suppose 2*s - s = w. Calculate the greatest common divisor of 40 and s.
8
Let k(r) = -r**2 - 4*r - 4. Let s be k(-3). Let h be s/(-3) + 32/3. Calculate the highest common divisor of h and 88.
11
Let z(w) = -8*w - 5. Let m be z(7). Let p be ((-4)/2)/2 - m. Calculate the highest common factor of p and 12.
12
Suppose -17*o = -22*o + 1080. Suppose 0 = 2*q + q - 72. Calculate the highest common divisor of o and q.
24
Suppose 5*v = -q - 2, -v = 3*q + 3*v - 5. Let g be 25 - (q + -11)/4. Calculate the highest common divisor of 135 and g.
27
Let d(i) = -i**3 - 12*i**2 - 11*i + 2. Let x be d(-11). Let y be 82/7 + x/7. Calculate the highest common divisor of 48 and y.
12
Let s be (-28)/(-8) + 9/6. Calculate the highest common divisor of s and 25.
5
Let c(g) = -g**2 + 22*g + 13. Let m be c(17). Calculate the greatest common factor of 14 and m.
14
Suppose 98 = 12*y - 70. What is the greatest common divisor of 238 and y?
14
Suppose -6*y + 90 = -y. Suppose 2*l + 2*a + 16 = 0, -6*l - y = -4*l + 3*a. Let n = l + 12. What is the greatest common factor of 24 and n?
6
Suppose -2*j - 4 = 32. Let d be j/(-14) + (-6)/21. What is the greatest common divisor of 2 and d?
1
Suppose -4*d + 5*d - 2*o - 20 = 0, 0 = 5*d + 4*o - 58. Let g be ((-6)/(-10))/(39/455). Calculate the highest common divisor of d and g.
7
Let w be ((-6)/(-15))/((-2)/(-90)). Let k be (12/((-16)/(-4)))/(1/18). Calculate the greatest common divisor of k and w.
18
Suppose 0 = -2*b + 2*a + 194, 5*b - 720 = 4*a - 234. What is the greatest common factor of b and 14?
14
Suppose -a - 88 = -5*a. Let x = 5 + -5. Suppose 2*n = -x*n + 22. What is the greatest common factor of n and a?
11
Let j = 2 + -2. Suppose j = -r + 2*r - 22. Suppose 11 = 3*m - f - 12, 4*f + r = 2*m. What is the highest common divisor of 21 and m?
7
Let o(k) = -k**3 + 12*k**2 - k + 14. Let w be o(12). Suppose -3*z - 4 = -13. What is the greatest common factor of w and z?
1
Suppose -j = -3*j, -3*j = 3*d - 153. Suppose d = -4*r + 523. Let s = r + -43. What is the highest common divisor of s and 30?
15
Let n(q) = q**3 - q**2 + q - 54. Let y be n(0). Suppose -4*p = 4 + 16, -p - 157 = 2*g. Let u = y - g. What is the greatest common factor of u and 11?
11
Let j be 98/21 - 4/6. Suppose -j*c + 5*c - 6 = 0. What is the greatest common factor of 12 and c?
6
Let c(s) = 8*s - 2. Suppose 0 = -2*i - i + 12. Let t be c(i). Let u(y) = y**3 + 5*y**2 + 3*y + 3. Let g be u(-3). What is the highest common factor of t and g?
6
Let c(n) = -4*n + 29. Let p be c(7). Calculate the highest common factor of p 